 What is the tens digit of g(0)?
8
Let o(d) be the second derivative of -d**5/20 - 17*d**4/12 + d**3/2 + 35*d**2/2 - 47*d. What is the tens digit of o(-19)?
0
Let k(g) = 2*g**2 - 20*g - 27. Let y be k(11). What is the tens digit of -6 - y - -4 - -195?
9
Let f = 558 - 558. What is the hundreds digit of (f + 98)/(2 + (-63)/35)?
4
Suppose a - 1317 = -3*o - 0*a, 2*o - 2*a = 886. Suppose 3*x - o - 1114 = 0. What is the hundreds digit of x?
5
Suppose 0 = -5*q - 4*z + 36, -4*q = -2*q + 2*z - 14. Let k be 3/12 + -1862*(-1)/q. Let d = -122 + k. What is the tens digit of d?
1
Let d(w) be the second derivative of w**5/10 - 7*w**4/12 + 2*w**3/3 + 5*w**2/2 - w. Suppose 0*j + 30 = 9*j - 3*j. What is the tens digit of d(j)?
0
Let f(l) = -l**2 + 83*l + 40. Let c be (-40)/(-24) - (-58)/3. What is the hundreds digit of f(c)?
3
Suppose -2*o = -10042 + 2444. What is the thousands digit of o?
3
Let d(r) be the first derivative of 7*r**3/3 + 13*r**2/2 + 25*r + 152. What is the units digit of d(-3)?
9
Let h(y) = -y**2 - y - 1. Let s(a) = -3*a**2 - 52*a + 71. Let n(k) = 4*h(k) - s(k). What is the tens digit of n(36)?
5
Suppose 3*q + 4 = 3*i - 8, 0 = -3*q - 3*i - 24. Let y be ((-2)/(-3))/((-4)/q)*-1. What is the tens digit of (2 - (y - 0)) + 166?
6
What is the thousands digit of 111812/22 - (-7)/(-308)*16?
5
Suppose -334824 + 609551 = -59*f + 3661150. What is the hundreds digit of f?
3
Suppose 0 = -3*s - 12, -2*s + 51 = -q + 132. Let d(c) = -c**3 + 12*c - 7. Let r be d(-6). Let y = r - q. What is the units digit of y?
4
Let g be 15/6 + (-560)/(-32). Suppose g*c = 19*c + 376. What is the units digit of c?
6
Let l(r) = r**3 + 27*r**2 + 21*r + 26. Let q be l(-24). Let m = -952 + q. What is the tens digit of m?
9
Suppose 0 = -4*a, 5*r + 3*a + 242 = 7*r - 1144. What is the tens digit of r?
9
Let t be ((-20)/12 + (-6)/(-9))*-61. Let d = t - 55. What is the hundreds digit of 38/(-4)*-2*(0 + d)?
1
What is the hundreds digit of 23630 + ((-21)/28)/((-7)/112)?
6
Suppose 144 = -5*j + 2*h - 377, 5*j + 2*h + 509 = 0. Let l be (-1 + -46)*4*-1. Let t = j + l. What is the tens digit of t?
8
Suppose -181 = -9*k + 1466. Suppose -k*l = -182*l - 703. What is the units digit of l?
3
Suppose -5*o + 17 + 5 = -2*w, 0 = -4*w - 2*o - 20. What is the tens digit of ((-1580)/w)/((-30)/(-45))?
9
Suppose -43 = -3*x + 863. Let y be (-3)/12*(-6)/3*x. Let t = y + -89. What is the tens digit of t?
6
Suppose 2*p = 6*p - 3*g - 16, -p = -g - 4. Let d be (-4168)/(-10) + p/20. Suppose -4*f + u = -d, 4*u + 174 = -5*f + 690. What is the hundreds digit of f?
1
Suppose 0 = 3*s - 15, s + 7833 = -11*j + 12*j. What is the tens digit of j?
3
Suppose -16*w = -4*w - 1416. Let v = -82 - w. Let y = v - -318. What is the tens digit of y?
1
What is the units digit of 6/(-12)*((-6 - -12) + -472)?
3
Let a(p) = -14*p + 2. Let y be a(-1). Suppose 4*r = -y*r + 3960. What is the tens digit of r?
9
Let h(d) = 22*d**3 - 5*d**2 + 22*d - 42. What is the tens digit of h(3)?
7
Suppose 1115739 + 1433388 = 60*c - 211953. What is the ten thousands digit of c?
4
Suppose 807 = 3*z + 2*c + 106, 3*c + 726 = 3*z. Suppose 3*x - 5*q - z = 0, -2*x - 3*x = -2*q - 414. What is the tens digit of x?
8
Let d be 2/1 - (1 + (0 - 3)). Suppose 4*l - 46 - 60 = -h, h - d*l = 106. What is the hundreds digit of h?
1
Let w(z) = z**3 + 12*z**2 - 14*z - 4. Let q be w(-13). Let l be q/2*-1*6/(-9). Suppose 177 = -u + l*u - 3*a, -5*u + 4*a + 446 = 0. What is the units digit of u?
0
Let a = 67941 + -17152. What is the thousands digit of a?
0
Let s(x) = 454*x**2 + 299*x + 19. What is the ten thousands digit of s(-6)?
1
Let o(u) = -2*u**3 + 82*u**2 + 22*u - 741. What is the thousands digit of o(37)?
1
Suppose w - 728 = -5*h, -25 + 13 = -4*h. What is the tens digit of w?
1
Let f be (184/230)/(4/10). Suppose -2*m - o + 1153 = f*o, 0 = 5*o + 5. What is the tens digit of m?
7
Suppose 0 = -15*a + 28*a - 56394. Suppose 21*w + a = 30*w. What is the units digit of w?
2
Let i(v) = 822*v**2 - 1183*v + 7. What is the hundreds digit of i(-4)?
8
Let u(d) = 360*d + 4738. What is the ten thousands digit of u(69)?
2
Let m(i) = -12*i - 35. Let r = 15 - 25. Let q be m(r). Let s = q + -55. What is the units digit of s?
0
Let m be (234/4)/(26/260). Suppose 0 = 5*w - 4*s - 3735, 3*w - 3*s - 1659 = m. What is the tens digit of w?
4
Let p be ((-18)/(-63))/((-1)/(-21)). Suppose -2*d + y = -p*d + 3772, 0 = d + y - 940. What is the hundreds digit of d?
9
What is the thousands digit of -5 - 3645/18*-216?
3
Let v(m) = -2 + 2 - 82*m - 3 + 1. Let h be v(1). Let s = -31 - h. What is the units digit of s?
3
Let w = -3264 + 5645. What is the tens digit of w?
8
Suppose -135*s - 336249 = -209*s + 3341329. What is the thousands digit of s?
9
Suppose -5*l + 83 - 58 = 0. Suppose -3*o = j - 271, 4*j + 0*j - 1084 = -l*o. What is the tens digit of j?
7
Let u = -7377 + 13620. What is the thousands digit of u?
6
Suppose -7*q + 1706 = -653. Let l = 742 - q. What is the tens digit of l?
0
Let x = -21 - -7. Suppose 2*y + 3*h = y + 36, -184 = -4*y - 2*h. Let i = y + x. What is the tens digit of i?
3
Let k = 41199 + -13692. What is the thousands digit of k?
7
What is the tens digit of 3399/(-22)*(-260)/15?
7
Let a(t) = t**3 + 4*t**2 + 5*t + 2. Let u be a(-1). Suppose 33*w - 27*w - 1956 = u. What is the units digit of w?
6
Let n(q) = 5*q + 98. Let u be n(-23). What is the tens digit of (u/(-34))/((-1)/(-452))?
2
Let t be (-1242 + 1 - -6) + (1 - -1). Let u = -671 - t. What is the hundreds digit of u?
5
Let h(b) = -24*b**3 - 7*b**2 - 26*b - 48. What is the tens digit of h(-5)?
0
Let g(z) = -79*z**2 + 15 + 103*z**2 + 38*z - 48*z**2 + z**3. What is the hundreds digit of g(23)?
3
Suppose 3*v = 4*y + 127, 0*v - 88 = -2*v + 2*y. Let u be 151/((-2 - (5 - 6))*-1). Let t = u - v. What is the hundreds digit of t?
1
Suppose n = -5*a + 54, 3*a - 5*n + 2*n = 36. Suppose 3*p - 2*p - 4*z = 49, 3*p = 3*z + 174. Let j = p + a. What is the units digit of j?
2
Suppose 0 = -17*w - 457 + 10419. Let a = w - 178. What is the hundreds digit of a?
4
Suppose -2*p + o = -8696, o + 5505 - 1155 = p. What is the units digit of p?
6
Suppose 0 = -2*g - 10, 0 = -2*y + 6*g - 11*g + 2671. What is the tens digit of y?
4
Let c(q) = -67*q + 6. Suppose -t - 5*s - 19 = 0, -s - s - 14 = 2*t. What is the hundreds digit of c(t)?
2
Suppose 3*i = 2*f - 4 + 19, -2 = i - 3*f. Suppose 0 = 4*k - i*k + 2058. What is the hundreds digit of k?
6
Suppose 46*c - 15535 = 3555. What is the hundreds digit of c?
4
Suppose -9*v + t = -8*v - 2, -2*t + 2 = 0. Suppose -2*l = 5*w + 4546, -v*w = -7*l + 2*l - 11396. What is the tens digit of l/(-16) - (-15)/(-40)?
4
Suppose -5*j + 6317 = 2*t, -216*j + 221*j = 3*t - 9538. What is the units digit of t?
1
Suppose -109*a + 296005 = -264909. What is the hundreds digit of a?
1
Let u = -28 - -22. Let m be (u/4 - -2) + 651/6. Suppose -3*b - m = 2*x - 583, -3*x - 649 = -4*b. What is the hundreds digit of b?
1
Let n = -6764 - -10321. What is the hundreds digit of n?
5
Suppose -466744 = -5*g - 4*r, 34*g - 37*g + r + 280026 = 0. What is the units digit of g?
4
Suppose -9*y + 4*y = 0. Suppose y = -11*j + 2329 + 7659. What is the units digit of j?
8
Suppose -13*k + 1613 = 560. Let a be (42/24)/((-2)/(-24)). Let u = k - a. What is the tens digit of u?
6
Suppose -3*x + 4*a = -180454, 4*a + 6*a = -x + 60208. What is the hundreds digit of x?
1
Suppose 23*i - 451319 = -71106. What is the tens digit of i?
3
Suppose 0 = 301*v - 309*v. Suppose 5*p - 3*q - 612 = 2837, -5*p - 5*q + 3465 = v. What is the units digit of p?
1
Let u = 92 + 83. Let y = 221 - u. What is the tens digit of y?
4
Let p = -174 + 222. What is the units digit of ((-276)/p)/((-1)/64)?
8
Let f be (4 + -7 - -3)/2. Suppose -7*t + 14*t - 1064 = f. What is the tens digit of (3/(-3))/((-1)/t)?
5
Let d be 2/6 - 725/(-75). Suppose d*g + 259 = 11*g. What is the tens digit of g?
5
What is the ten thousands digit of (-13 - -18)*358241/65?
2
Let i(w) = -28*w**3 - 5*w**2 - 6*w - 6. Let c(y) = -11*y - 134. Let j be c(-12). What is the hundreds digit of i(j)?
2
Let a(n) be the first derivative of n**4/4 - 29*n**3/3 + n**2 - n - 18. What is the tens digit of a(29)?
5
Suppose -889659 = -70*c + 3635550 + 382071. What is the ten thousands digit of c?
7
Suppose -4*r + 3*r + 2 = 0, 4*r = 3*s + 200. 